j - 28*j = 3*i - 2886. What is the highest common factor of i and 78?
26
Suppose 2 = b + c, 2*b = 4*b + 3*c - 2. Let w = b + -2. Suppose 5*q + w*t - 255 = -2*t, 3*q - 4*t = 185. Calculate the greatest common factor of q and 22.
11
Let h be 2 + (3654/(-15))/((-78)/260). What is the highest common divisor of 222 and h?
74
Let h = 1067 + -972. What is the greatest common divisor of h and 209?
19
Let p be ((-1)/2)/((-12)/168*7). Calculate the greatest common divisor of 227 and p.
1
Let p(x) = x**2 - 7*x - 11. Let k be p(10). Let g = 27 - k. Let m be (0 - 6/2) + g. Calculate the highest common divisor of 40 and m.
5
Suppose -3*w + 6 = n, 6 = -4*w + 9*w + 3*n. What is the greatest common divisor of w and 111?
3
Let t(y) = -75*y**3 + 78*y**2 + 151*y. Let j be t(-2). Calculate the greatest common divisor of j and 183.
61
Let o(q) = q**2 - 66*q + 462. Let n be o(62). Calculate the highest common factor of 2 and n.
2
Suppose 288 = 9*l - 198. Let c(s) = -2*s + 25*s**2 - 1 + 6*s**2 + 4*s**2. Let r be c(-1). Calculate the greatest common divisor of l and r.
18
Let n(g) = -11*g + 37. Let u be n(2). Suppose 75 = -2*b + 7*b. Calculate the greatest common factor of u and b.
15
Let q = -31 - -45. Let n = 24 - q. Calculate the greatest common divisor of 50 and n.
10
Let h(u) = 5*u**2 + 20*u + 2. Let v be h(-8). Suppose -z = 8*z - v. Calculate the greatest common divisor of 12 and z.
6
Suppose -36*c + 16863 = -3*c. Calculate the greatest common factor of c and 7.
7
Let c be ((-30)/(-4))/((-6)/(-56)). Let r be (10 + -5 - 6)*-10. Calculate the highest common factor of r and c.
10
Let v(c) = 2*c**3 - 62*c**2 + 62*c - 20. Let f be v(30). What is the greatest common divisor of f and 290?
10
Let b be 36/(-126) + 310/(-7)*-1. Calculate the greatest common divisor of 253 and b.
11
Let r be (-8)/(-28) + (-40)/(-7). Let j(z) = 130*z - 3105. Let w be j(24). What is the greatest common factor of w and r?
3
Suppose -2*p + 6 + 45 = -3*r, -92 = -4*p - 4*r. Suppose -33 = -3*q - 3*f, 7 = q - 5*f + 10*f. What is the highest common factor of p and q?
12
Let r be 7/(1 - (-8)/(-10)). Let m be -45*(12/(-20) + 1). Let w be (m/8 - -3 - 2)*-4. What is the greatest common factor of r and w?
5
Suppose 4*f = 2*f + 3*a + 66, 3*f - a - 92 = 0. Let p(h) = -h**3 + 30*h**2 - 79*h - 42. Let r be p(27). What is the greatest common factor of f and r?
6
Suppose 5*i = -4*p + 64, -94 = -5*p - 5*i - 9. Suppose -p = -4*q + q. Suppose 10*a - q*a - 66 = 0. What is the greatest common factor of a and 55?
11
Suppose -4*a - 3*l = -8*a, -2*a = 3*l - 18. Suppose -4*k + 29 = 3*q, -a*q - 3*k = -7*k + 11. Calculate the greatest common factor of q and 24.
3
Let l be 110 - ((-2)/1 + 0). Calculate the highest common divisor of 42 and l.
14
Suppose -4*d = 4*s + 4, -3*s - d + 5 = 4. Suppose -3*v = 3*h - 21, 2*h + 4*v - 8 = 2. Calculate the highest common factor of h and s.
1
Let p(x) = -x**2 + 3*x + 4. Let c be p(3). Suppose c*j - 105 = 23. Suppose 3 + j = 5*t. Calculate the greatest common divisor of 21 and t.
7
Let z be (28/(-5))/(-2)*(15 + 0). Let d(p) = -p**2 - 6*p - 2. Let y be d(-4). Suppose -k = -0*k - y. What is the highest common factor of k and z?
6
Let i be (5/3)/(18/54). Suppose 8 + 21 = 5*v + 4*r, -3*v - i*r = -7. Suppose 0 = -f + 2 + v. Calculate the highest common divisor of f and 1.
1
Let x = -767 - -821. Suppose 22 = 4*j + 2. Suppose 4*q + 2*c - 22 = 3*c, q - j*c = -4. What is the greatest common divisor of q and x?
6
Suppose 5*d - 31 - 49 = 0. Let t be 596/20 + 1/5 - -2. What is the highest common factor of d and t?
16
Suppose 29*g - 16983 = -22*g. Calculate the greatest common divisor of g and 74.
37
Suppose 2*k + 2*c = -c + 60, -5*c = -20. Let h be ((-2)/(-4))/((-6)/k). Let a be (4/10 - h)*30. Calculate the greatest common factor of 9 and a.
9
Suppose 0 = 36*i - 32*i - 120. What is the greatest common divisor of 150 and i?
30
Suppose 5*f + 3*x - 2 = 46, -2*x - 56 = -4*f. Suppose 264 = -d + 3*d. Calculate the greatest common divisor of d and f.
12
Let u be (-645)/(-27)*2 - 144/(-648). Calculate the highest common divisor of 216 and u.
24
Suppose 0 = -2*v + 11*v - 1134. What is the greatest common divisor of 72 and v?
18
Let l = -6 - -9. Let s = l - -1. Let c be (-8)/(-12) - s/(-3). What is the greatest common divisor of 6 and c?
2
Suppose -3*d = 77 - 245. Suppose 3*p - 16 - d = 0. Suppose 0 = -f + 3 + 9. What is the highest common divisor of p and f?
12
Suppose 5*l + 353 + 48 = -4*y, 0 = 4*y + 16. Let n = 92 + l. What is the greatest common divisor of n and 45?
15
Let a = 6 - 3. Suppose 85 = 5*y + 5*q, 2*y = -a*y - 2*q + 82. Calculate the highest common factor of y and 48.
16
Let d be (4 - (-4 + 4)) + -4. Let f be 2/6*d - -11. Calculate the highest common factor of f and 121.
11
Suppose 3*m - 5 = 2*m. Let b be 2*-4*-2*m. Let p = b + -35. What is the highest common divisor of 30 and p?
15
Let y = -8 - -11. Suppose 80*s = 31*s + 1029. Calculate the greatest common divisor of y and s.
3
Let c(j) = 13*j - 2. Let x be c(2). Let f = -160 - -166. What is the highest common factor of f and x?
6
Let w(d) = -4*d - 51. Let t be w(-5). Let y = t + 52. What is the greatest common factor of 168 and y?
21
Let i(c) be the first derivative of -3*c**2/2 - 9. Let x(y) = -y - 1. Let v(r) = i(r) - 2*x(r). Let w be v(0). What is the greatest common factor of 18 and w?
2
Let p = -4 - -16. Let t = 34 + 13. Suppose 2*i = -l + 88, 2*l - 127 - t = -3*i. What is the greatest common factor of p and l?
12
Let d be (104/8)/((-2)/(-70)). What is the greatest common divisor of 26 and d?
13
Let l(v) = -v + 17. Let y be l(10). What is the greatest common divisor of 49 and y?
7
Suppose 183 = 15*u - 12*u. Suppose 483 = 4*g - u. Calculate the highest common divisor of 17 and g.
17
Let c(o) = 3*o**2 - 13*o - 6. Let t be c(6). Suppose -165 = t*w - 29*w. What is the greatest common divisor of 3 and w?
3
Let h = -2 + -1. Let s be (-1)/3*(3 + h). Let d(m) = -2*m + 35. Let z be d(s). What is the highest common divisor of 7 and z?
7
Let d(j) = -j**2 + 16*j - 20. Let s be d(11). What is the highest common factor of 315 and s?
35
Let c be 80/(-3)*(-1)/((-25)/(-30)). Calculate the highest common divisor of 12 and c.
4
Suppose -18 = -2*z + z + 2*v, -2*z + 46 = v. Suppose 3*l - 99 = 5*w, 2*w - 132 = -4*l - 2*w. What is the greatest common factor of z and l?
11
Let q(z) = -z**3 + 4*z**2 + 6*z + 1. Let b be -5*((2 - 0) + -3). Let v be q(b). Suppose -y = -v*y + 5. What is the greatest common divisor of 11 and y?
1
Let h = 2 + 596. Calculate the greatest common factor of h and 104.
26
Suppose 0 = -y - 3 + 55. Let x be (y/(-13))/(2/(-13)). What is the highest common factor of x and 208?
26
Let d(s) = -2*s - 6. Let k be d(-3). Suppose k = 4*l + 3*z + 163 + 168, -5*z = -2*l - 185. Let n = l - -121. What is the greatest common factor of 12 and n?
12
Let u = 202 - 169. Calculate the highest common divisor of 11 and u.
11
Let h(w) = 8*w - 2. Let v be h(4). Suppose -5*k = -v - 1455. What is the highest common factor of k and 27?
27
Let l(f) = f**2 + 3*f - 5. Let q be (-12)/4 + (2 - -7). Suppose q*p - 14 - 4 = 0. Let z be l(p). Calculate the highest common factor of z and 26.
13
Let h = -29 - -21. Let s be (-33)/7 - (-6)/(-21). Let r be (-38)/(-6)*(s - h). What is the highest common divisor of r and 209?
19
Let d be (-36)/(-12) - (1 + -26). Suppose -16 = -4*p - 0. Calculate the greatest common factor of d and p.
4
Let a = 335 - 63. What is the highest common divisor of a and 64?
16
Suppose -33*p - 20367 = -106*p. What is the highest common factor of 341 and p?
31
Let h = -1 - -6. Suppose h*j - 9 = 1, -2*j = s - 88. Let q = -5 - -17. Calculate the highest common factor of q and s.
12
Suppose 89 = -v + 572. Calculate the greatest common divisor of v and 138.
69
Let g be (-1053)/(-3) - (-6 - -6). Suppose -5*v = x - 164, g + 337 = 4*x + 4*v. Calculate the highest common divisor of 29 and x.
29
Let i be (4 - -1) + 2 + 0. Suppose -20*o + 1389 = -1271. What is the greatest common divisor of i and o?
7
Suppose -x + 0 + 2 = 0. Let y(n) = 40*n**2 + 278*n - 11. Let q be y(-7). What is the highest common factor of x and q?
1
Let h be 1 + (-4)/(-2) + -2. Suppose -4*j + h = -11. Let o(s) = s**2 + 42*s + 435. Let r be o(-24). Calculate the highest common divisor of r an